{"id":329,"date":"2024-09-02T15:18:56","date_gmt":"2024-09-02T13:18:56","guid":{"rendered":"https:\/\/vrtecskofije.splet.arnes.si\/?page_id=329"},"modified":"2025-02-15T22:50:47","modified_gmt":"2025-02-15T21:50:47","slug":"solski-sklad","status":"publish","type":"page","link":"https:\/\/www.vrtec-skofije.si\/?page_id=329","title":{"rendered":"\u0160olski sklad"},"content":{"rendered":"<div class=\"et_pb_module et_pb_post_content et_pb_post_content_0_tb_body\">\n<div class=\"et-l et-l--post\">\n<div class=\"et_builder_inner_content et_pb_gutters3\">\n<div class=\"et_pb_section et_pb_section_0 et_section_regular\">\n<div class=\"et_pb_row et_pb_row_0\">\n<div class=\"et_pb_column et_pb_column_4_4 et_pb_column_0 et_pb_css_mix_blend_mode_passthrough et-last-child\">\n<div class=\"et_pb_module et_pb_text et_pb_text_0 et_pb_text_align_left et_pb_bg_layout_light\">\n<div class=\"et_pb_text_inner\">\n<p style=\"text-align: justify\">V vrtcu in \u0161oli organizirano deluje \u0161olski sklad, sestavljen iz predstavnikov kolektiva in predstavnikov star\u0161ev. Namen \u0161olskega sklada je zagotavljanje dodatnih mo\u017enosti pridobivanja sredstev za financiranje nadstandardnih programov in nudenje solidarnostne pomo\u010di otrokom in dru\u017einam v stiski.<\/p>\n<p style=\"text-align: justify\">Sklad pridobiva sredstva iz prispevkov star\u0161ev, donacij, zapu\u0161\u010din in iz drugih virov. Upravlja ga upravni odbor, ki ima predsednika in \u0161est \u010dlanov.&nbsp;Vloge za \u0161olski sklad se odda po po\u0161ti naslovljeno na \u0161olski naslov s pripisom za \u0161olski sklad&nbsp; ali osebno v tajni\u0161tvo \u0161ole. Vloga mora biti v zaprti kuverti.&nbsp;Odbor \u0161olskega sklada se bo sestajal dvakrat letno oz. po potrebi. Sestajal se bo v mesecu septembru in mesecu juniju v \u0161olski zbornici.<\/p>\n<p><strong><u>\u010clani odbora so<\/u>:<\/strong><\/p>\n<ul>\n<li><u>predstavniki star\u0161ev<\/u>: Katja Letig Hamer\u0161ak, Taja Bonbek \u0160taher, Neja Bonbek Natek in Ana \u017dele<\/li>\n<li><u>predstavniki \u0161ole<\/u>: Branko Filipi\u010d, Mirjana Pisk in Sandra Grbec (vodja sklada)<\/li>\n<\/ul>\n<p>&nbsp;<\/p>\n<h5><strong><a role=\"link\" href=\"https:\/\/solaskofije.splet.arnes.si\/files\/2024\/02\/Pravila-solskega-sklada-2021.pdf\" target=\"_blank\" rel=\"noopener\">PRAVILA \u0161olskega sklada<\/a><\/strong> (pdf dokument)<\/h5>\n<h5><strong><a role=\"link\" href=\"https:\/\/solaskofije.splet.arnes.si\/files\/2024\/02\/Vloga-za-subvencioniranje-iz-solskega-sklada.pdf\" target=\"_blank\" rel=\"noopener\">VLOGA za dodelitev sredstev za subvencioniranje <\/a><\/strong>(pdf dokument)<\/h5>\n<\/div>\n<\/div>\n<\/div>\n<\/div>\n<\/div>\n<\/div>\n<\/div>\n<\/div>\n","protected":false},"excerpt":{"rendered":"<p>V vrtcu in \u0161oli organizirano deluje \u0161olski sklad, sestavljen iz predstavnikov kolektiva in predstavnikov star\u0161ev. Namen \u0161olskega sklada je zagotavljanje dodatnih mo\u017enosti pridobivanja sredstev za financiranje nadstandardnih programov in nudenje [&hellip;]<\/p>\n","protected":false},"author":58769,"featured_media":0,"parent":0,"menu_order":0,"comment_status":"closed","ping_status":"closed","template":"","meta":{"ngg_post_thumbnail":0,"footnotes":""},"class_list":["post-329","page","type-page","status-publish","hentry"],"_links":{"self":[{"href":"https:\/\/www.vrtec-skofije.si\/index.php?rest_route=\/wp\/v2\/pages\/329","targetHints":{"allow":["GET"]}}],"collection":[{"href":"https:\/\/www.vrtec-skofije.si\/index.php?rest_route=\/wp\/v2\/pages"}],"about":[{"href":"https:\/\/www.vrtec-skofije.si\/index.php?rest_route=\/wp\/v2\/types\/page"}],"author":[{"embeddable":true,"href":"https:\/\/www.vrtec-skofije.si\/index.php?rest_route=\/wp\/v2\/users\/58769"}],"replies":[{"embeddable":true,"href":"https:\/\/www.vrtec-skofije.si\/index.php?rest_route=%2Fwp%2Fv2%2Fcomments&post=329"}],"version-history":[{"count":5,"href":"https:\/\/www.vrtec-skofije.si\/index.php?rest_route=\/wp\/v2\/pages\/329\/revisions"}],"predecessor-version":[{"id":535,"href":"https:\/\/www.vrtec-skofije.si\/index.php?rest_route=\/wp\/v2\/pages\/329\/revisions\/535"}],"wp:attachment":[{"href":"https:\/\/www.vrtec-skofije.si\/index.php?rest_route=%2Fwp%2Fv2%2Fmedia&parent=329"}],"curies":[{"name":"wp","href":"https:\/\/api.w.org\/{rel}","templated":true}]}}

Šolski sklad

<div class="et_pb_module et_pb_post_content et_pb_post_content_0_tb_body">
<div class="et-l et-l--post">
<div class="et_builder_inner_content et_pb_gutters3">
<div class="et_pb_section et_pb_section_0 et_section_regular">
<div class="et_pb_row et_pb_row_0">
<div class="et_pb_column et_pb_column_4_4 et_pb_column_0 et_pb_css_mix_blend_mode_passthrough et-last-child">
<div class="et_pb_module et_pb_text et_pb_text_0 et_pb_text_align_left et_pb_bg_layout_light">
<div class="et_pb_text_inner">
<p style="text-align: justify">V vrtcu in šoli organizirano deluje šolski sklad, sestavljen iz predstavnikov kolektiva in predstavnikov staršev. Namen šolskega sklada je zagotavljanje dodatnih možnosti pridobivanja sredstev za financiranje nadstandardnih programov in nudenje solidarnostne pomoči otrokom in družinam v stiski.</p>
<p style="text-align: justify">Sklad pridobiva sredstva iz prispevkov staršev, donacij, zapuščin in iz drugih virov. Upravlja ga upravni odbor, ki ima predsednika in šest članov.&nbsp;Vloge za šolski sklad se odda po pošti naslovljeno na šolski naslov s pripisom za šolski sklad&nbsp; ali osebno v tajništvo šole. Vloga mora biti v zaprti kuverti.&nbsp;Odbor šolskega sklada se bo sestajal dvakrat letno oz. po potrebi. Sestajal se bo v mesecu septembru in mesecu juniju v šolski zbornici.</p>
<p><strong><u>Člani odbora so</u>:</strong></p>
<ul>
<li><u>predstavniki staršev</u>: Katja Letig Hameršak, Taja Bonbek Štaher, Neja Bonbek Natek in Ana Žele</li>
<li><u>predstavniki šole</u>: Branko Filipič, Mirjana Pisk in Sandra Grbec (vodja sklada)</li>
</ul>
<p>&nbsp;</p>
<h5><strong><a role="link" href="https://solaskofije.splet.arnes.si/files/2024/02/Pravila-solskega-sklada-2021.pdf" target="_blank" rel="noopener">PRAVILA šolskega sklada</a></strong> (pdf dokument)</h5>
<h5><strong><a role="link" href="https://solaskofije.splet.arnes.si/files/2024/02/Vloga-za-subvencioniranje-iz-solskega-sklada.pdf" target="_blank" rel="noopener">VLOGA za dodelitev sredstev za subvencioniranje </a></strong>(pdf dokument)</h5>
</div>
</div>
</div>
</div>
</div>
</div>
</div>
</div>

<p>V vrtcu in šoli organizirano deluje šolski sklad, sestavljen iz predstavnikov kolektiva in predstavnikov staršev. Namen šolskega sklada je zagotavljanje dodatnih možnosti pridobivanja sredstev za financiranje nadstandardnih programov in nudenje [&hellip;]</p>
